{"id":1051,"date":"2026-02-17T18:19:17","date_gmt":"2026-02-17T17:19:17","guid":{"rendered":"https:\/\/kleingarten-buergerfeld-dessau.de\/cms\/?page_id=1051"},"modified":"2026-03-01T19:23:32","modified_gmt":"2026-03-01T18:23:32","slug":"solaranlage","status":"publish","type":"page","link":"https:\/\/kleingarten-buergerfeld-dessau.de\/cms\/solaranlage\/","title":{"rendered":"Solaranlagen"},"content":{"rendered":"\n<p class=\"has-large-font-size\">Allgemeine Informationen zu Solaranlagen<\/p>\n\n\n\n<p class=\"has-medium-font-size\">Solaranlagen sind beim Stadtverband zu beantragen. <br>Die Antr\u00e4ge bekommt ihr bei uns.<br><br>Die Anlagen sind als Inselbetrieb zu verwenden.<br>Das bedeutet, sie m\u00fcssen mit einem Speicher und einem Wechselrichter ausgestattet sein.<br><br>Von dort aus k\u00f6nnen dann elektrische Ger\u00e4te betrieben werden.<br>Es ist nicht erlaubt die Solaranlagen mit unserem Stromnetz zu koppeln!<br><br>Im letzten Jahr fand ein \u00dcberflug der \u00f6rtlichen Beh\u00f6rden statt, bei dem hochaufl\u00f6sende Fotos aller Gartenanlagen in Dessau-Ro\u00dflau gemacht wurden.<br>Wir weisen darauf hin, dass nicht genehmigte Solaranlagen zur\u00fcck gebaut werden m\u00fcssen.<br><br>Nach erfolgter Genehmigung durch den Stadtverband, muss eine PV Anlage gem\u00e4\u00df den Herstellerrichtlinien installiert und von einem Elektriker \u00fcberpr\u00fcft werden.<br><br>Ein Pr\u00fcfprotokoll ist beim Vorstand eizureichen.<\/p>\n\n\n\n<p class=\"has-medium-font-size\"><\/p>\n\n\n\n<p class=\"has-medium-font-size\"><\/p>\n\n\n\n<p class=\"has-medium-font-size\"><strong>Weitere Informationen zum Thema Solaranlagen vom Stadtverband der Gartenfreunde Dessau e.V. findet Ihr hier oder hier zum <a href=\"https:\/\/kleingarten-buergerfeld-dessau.de\/cms\/wp-content\/uploads\/2026\/02\/Solaranlagen_Stadtverband-Dessau.pdf\" data-type=\"link\" data-id=\"https:\/\/kleingarten-buergerfeld-dessau.de\/cms\/wp-content\/uploads\/2026\/02\/Solaranlagen_Stadtverband-Dessau.pdf\">&gt;&gt;herunterladen &lt;&lt;<\/a><\/strong><\/p>\n\n\n\n<div data-wp-interactive=\"core\/file\" class=\"wp-block-file aligncenter\"><object data-wp-bind--hidden=\"!state.hasPdfPreview\" hidden class=\"wp-block-file__embed\" data=\"https:\/\/kleingarten-buergerfeld-dessau.de\/cms\/wp-content\/uploads\/2026\/02\/Solaranlagen_Stadtverband-Dessau.pdf\" type=\"application\/pdf\" style=\"width:100%;height:600px\" aria-label=\"Einbettung von Solaranlagen_Stadtverband-Dessau.\"><\/object><a id=\"wp-block-file--media-562d4c9f-aa0f-497b-bd4e-77934a885f70\" href=\"https:\/\/kleingarten-buergerfeld-dessau.de\/cms\/wp-content\/uploads\/2026\/02\/Solaranlagen_Stadtverband-Dessau.pdf\">Solaranlagen_Stadtverband-Dessau<\/a><a href=\"https:\/\/kleingarten-buergerfeld-dessau.de\/cms\/wp-content\/uploads\/2026\/02\/Solaranlagen_Stadtverband-Dessau.pdf\" class=\"wp-block-file__button wp-element-button\" download aria-describedby=\"wp-block-file--media-562d4c9f-aa0f-497b-bd4e-77934a885f70\">Herunterladen<\/a><\/div>\n","protected":false},"excerpt":{"rendered":"<p>Allgemeine Informationen zu Solaranlagen Solaranlagen sind beim Stadtverband zu beantragen. Die Antr\u00e4ge bekommt ihr bei uns. Die Anlagen sind als Inselbetrieb zu verwenden.Das bedeutet, sie m\u00fcssen mit einem Speicher und einem Wechselrichter ausgestattet sein. Von dort aus k\u00f6nnen dann elektrische Ger\u00e4te betrieben werden.Es ist nicht erlaubt die Solaranlagen mit unserem Stromnetz zu koppeln! Im letzten [&hellip;]<\/p>\n","protected":false},"author":1,"featured_media":0,"parent":0,"menu_order":0,"comment_status":"closed","ping_status":"closed","template":"","meta":{"footnotes":""},"class_list":["post-1051","page","type-page","status-publish","hentry"],"_links":{"self":[{"href":"https:\/\/kleingarten-buergerfeld-dessau.de\/cms\/wp-json\/wp\/v2\/pages\/1051","targetHints":{"allow":["GET"]}}],"collection":[{"href":"https:\/\/kleingarten-buergerfeld-dessau.de\/cms\/wp-json\/wp\/v2\/pages"}],"about":[{"href":"https:\/\/kleingarten-buergerfeld-dessau.de\/cms\/wp-json\/wp\/v2\/types\/page"}],"author":[{"embeddable":true,"href":"https:\/\/kleingarten-buergerfeld-dessau.de\/cms\/wp-json\/wp\/v2\/users\/1"}],"replies":[{"embeddable":true,"href":"https:\/\/kleingarten-buergerfeld-dessau.de\/cms\/wp-json\/wp\/v2\/comments?post=1051"}],"version-history":[{"count":12,"href":"https:\/\/kleingarten-buergerfeld-dessau.de\/cms\/wp-json\/wp\/v2\/pages\/1051\/revisions"}],"predecessor-version":[{"id":1088,"href":"https:\/\/kleingarten-buergerfeld-dessau.de\/cms\/wp-json\/wp\/v2\/pages\/1051\/revisions\/1088"}],"wp:attachment":[{"href":"https:\/\/kleingarten-buergerfeld-dessau.de\/cms\/wp-json\/wp\/v2\/media?parent=1051"}],"curies":[{"name":"wp","href":"https:\/\/api.w.org\/{rel}","templated":true}]}}