{"id":210,"date":"2018-10-17T19:38:55","date_gmt":"2018-10-17T19:38:55","guid":{"rendered":"http:\/\/kleingarten-buergerfeld-dessau.de\/cms\/?page_id=210"},"modified":"2026-02-17T18:52:17","modified_gmt":"2026-02-17T17:52:17","slug":"arbeitseinsaetze","status":"publish","type":"page","link":"https:\/\/kleingarten-buergerfeld-dessau.de\/cms\/arbeitseinsaetze\/","title":{"rendered":"Arbeitseins\u00e4tze"},"content":{"rendered":"<p>Verantwortlicher bei Anfragen:\u00a0<\/p>\n<p>Gfd. Holger Rieger<\/p>\n<p>oder per Mail an:<\/p>\n<p><a href=\"mailto:Gemeinschaftsarbeit@kleingarten-buergerfeld-dessau.de\">Gemeinschaftsarbeit@kleingarten-buergerfeld-dessau.de<\/a><\/p>\n<ul>\n<li>f\u00fcr das Kalenderjahr 2026 von 09:00 Uhr bis 12:00 Uhr<\/li>\n<li>Es d\u00fcrfen sich nur Vereinsmitglieder an den Eins\u00e4tzen beteiligen. Andere Personen (Partner, Kinder, Enkel usw.) sind ohne Mitgliedschaft nicht versichert und d\u00fcrfen nicht teilnehmen.<\/li>\n<li>Lasst eure &#8222;Helfer&#8220; als Mitglied eintragen, Kosten: Einmalig 25\u20ac und 5\u20ac pro Jahr.<\/li>\n<\/ul>\n<h4>in Abh\u00e4ngigkeit der Wetterlage<\/h4>\n<p>jeweils Samstag<\/p>\n<ul>\n<li>14.03.2026<\/li>\n<li>18.04.2026<\/li>\n<li>09.05.2026<\/li>\n<li>13.06.2026<\/li>\n<li>18.07.2026<\/li>\n<li>15.08.2026<\/li>\n<li>12.09.2026<\/li>\n<li>17.10.2026<\/li>\n<li>14.11.2026<\/li>\n<\/ul>\n<ul>\n<li>F\u00fcr alle, die diese Termine nicht wahrnehmen k\u00f6nnen, wird es folgende M\u00f6glichkeiten geben:\n<ul>\n<li>Selbst\u00e4ndige Pflege Vereinsgel\u00e4nde \/ Vereinsheim<\/li>\n<li>Selbst\u00e4ndige Pflege freier G\u00e4rten\n<ul>\n<li>Rasen m\u00e4hen, Hecke schneiden<\/li>\n<\/ul>\n<\/li>\n<li>Erledigungen von Auftr\u00e4gen der Arbeitsgruppenleiter<\/li>\n<li>Sonderarbeitseins\u00e4tze (werden rechtzeitig bekannt gegeben)\n<ul>\n<li>Meldet euch diesbez\u00fcglich bei uns, tretet unserer Whatsapp Gruppe bei<\/li>\n<\/ul>\n<\/li>\n<\/ul>\n<\/li>\n<\/ul>\n<p><strong>Auch in diesem Jahr ist eine telefonische Voranmeldung f\u00fcr den jeweiligen Arbeitseinsatz unbedingt erforderlich. Wer ohne Voranmeldung zum Arbeitseinsatz erscheint, wird ggf. nach Hause geschickt.<\/strong><\/p>\n<p>Mit freundlichen Gr\u00fc\u00dfen<\/p>\n<p>Team B\u00fcrgerfeld<\/p>\n\n\n<p><\/p>\n","protected":false},"excerpt":{"rendered":"<p>Verantwortlicher bei Anfragen:\u00a0 Gfd. Holger Rieger oder per Mail an: Gemeinschaftsarbeit@kleingarten-buergerfeld-dessau.de f\u00fcr das Kalenderjahr 2026 von 09:00 Uhr bis 12:00 Uhr Es d\u00fcrfen sich nur Vereinsmitglieder an den Eins\u00e4tzen beteiligen. Andere Personen (Partner, Kinder, Enkel usw.) sind ohne Mitgliedschaft nicht versichert und d\u00fcrfen nicht teilnehmen. Lasst eure &#8222;Helfer&#8220; als Mitglied eintragen, Kosten: Einmalig 25\u20ac und [&hellip;]<\/p>\n","protected":false},"author":1,"featured_media":0,"parent":0,"menu_order":0,"comment_status":"closed","ping_status":"closed","template":"","meta":{"footnotes":""},"class_list":["post-210","page","type-page","status-publish","hentry"],"_links":{"self":[{"href":"https:\/\/kleingarten-buergerfeld-dessau.de\/cms\/wp-json\/wp\/v2\/pages\/210","targetHints":{"allow":["GET"]}}],"collection":[{"href":"https:\/\/kleingarten-buergerfeld-dessau.de\/cms\/wp-json\/wp\/v2\/pages"}],"about":[{"href":"https:\/\/kleingarten-buergerfeld-dessau.de\/cms\/wp-json\/wp\/v2\/types\/page"}],"author":[{"embeddable":true,"href":"https:\/\/kleingarten-buergerfeld-dessau.de\/cms\/wp-json\/wp\/v2\/users\/1"}],"replies":[{"embeddable":true,"href":"https:\/\/kleingarten-buergerfeld-dessau.de\/cms\/wp-json\/wp\/v2\/comments?post=210"}],"version-history":[{"count":27,"href":"https:\/\/kleingarten-buergerfeld-dessau.de\/cms\/wp-json\/wp\/v2\/pages\/210\/revisions"}],"predecessor-version":[{"id":1076,"href":"https:\/\/kleingarten-buergerfeld-dessau.de\/cms\/wp-json\/wp\/v2\/pages\/210\/revisions\/1076"}],"wp:attachment":[{"href":"https:\/\/kleingarten-buergerfeld-dessau.de\/cms\/wp-json\/wp\/v2\/media?parent=210"}],"curies":[{"name":"wp","href":"https:\/\/api.w.org\/{rel}","templated":true}]}}