{"id":24,"date":"2018-08-24T09:50:16","date_gmt":"2018-08-24T09:50:16","guid":{"rendered":"http:\/\/kleingarten-buergerfeld-dessau.de\/cms\/?page_id=24"},"modified":"2024-09-10T19:24:49","modified_gmt":"2024-09-10T18:24:49","slug":"geschichte-des-vereins","status":"publish","type":"page","link":"https:\/\/kleingarten-buergerfeld-dessau.de\/cms\/geschichte-des-vereins\/","title":{"rendered":"Geschichte des Vereins"},"content":{"rendered":"<h5>Lage: Im Wohngebiet Dessau-S\u00fcd, zwischen H.-Steyer-Ring und Nordweg<\/h5>\n<h5>Gr\u00f6\u00dfe: 58.839 m\u00b2<\/h5>\n<h5>Anzahl der Parzellen : 143 durchschnittliche Gr\u00f6\u00dfe 400 m\u00b2<\/h5>\n<h5>Vereinsheim: bewirtschaftet, ca. 35 Pl\u00e4tze; Biergarten; Saal mit ca.110 Pl\u00e4tze<\/h5>\n<div>\n<div>Die Geschichte des Vereins befindet sich derzeitig in Bearbeitung.<\/div>\n<\/div>\n<div><\/div>\n","protected":false},"excerpt":{"rendered":"<p>Lage: Im Wohngebiet Dessau-S\u00fcd, zwischen H.-Steyer-Ring und Nordweg Gr\u00f6\u00dfe: 58.839 m\u00b2 Anzahl der Parzellen : 143 durchschnittliche Gr\u00f6\u00dfe 400 m\u00b2 Vereinsheim: bewirtschaftet, ca. 35 Pl\u00e4tze; Biergarten; Saal mit ca.110 Pl\u00e4tze Die Geschichte des Vereins befindet sich derzeitig in Bearbeitung.<\/p>\n","protected":false},"author":1,"featured_media":0,"parent":0,"menu_order":0,"comment_status":"closed","ping_status":"closed","template":"","meta":{"footnotes":""},"class_list":["post-24","page","type-page","status-publish","hentry"],"_links":{"self":[{"href":"https:\/\/kleingarten-buergerfeld-dessau.de\/cms\/wp-json\/wp\/v2\/pages\/24","targetHints":{"allow":["GET"]}}],"collection":[{"href":"https:\/\/kleingarten-buergerfeld-dessau.de\/cms\/wp-json\/wp\/v2\/pages"}],"about":[{"href":"https:\/\/kleingarten-buergerfeld-dessau.de\/cms\/wp-json\/wp\/v2\/types\/page"}],"author":[{"embeddable":true,"href":"https:\/\/kleingarten-buergerfeld-dessau.de\/cms\/wp-json\/wp\/v2\/users\/1"}],"replies":[{"embeddable":true,"href":"https:\/\/kleingarten-buergerfeld-dessau.de\/cms\/wp-json\/wp\/v2\/comments?post=24"}],"version-history":[{"count":36,"href":"https:\/\/kleingarten-buergerfeld-dessau.de\/cms\/wp-json\/wp\/v2\/pages\/24\/revisions"}],"predecessor-version":[{"id":967,"href":"https:\/\/kleingarten-buergerfeld-dessau.de\/cms\/wp-json\/wp\/v2\/pages\/24\/revisions\/967"}],"wp:attachment":[{"href":"https:\/\/kleingarten-buergerfeld-dessau.de\/cms\/wp-json\/wp\/v2\/media?parent=24"}],"curies":[{"name":"wp","href":"https:\/\/api.w.org\/{rel}","templated":true}]}}